16
26
What is 33 (base 4) in base 13?
12
What is -31 (base 6) in base 12?
-17
Convert -2113 (base 5) to base 2.
-100011011
Convert 29 (base 16) to base 15.
2b
What is a (base 15) in base 5?
20
What is 1 (base 5) in base 15?
1
Convert 2 (base 7) to base 3.
2
Convert 2 (base 16) to base 6.
2
What is 3 (base 7) in base 5?
3
Convert -121 (base 4) to base 15.
-1a
What is 0 (base 3) in base 15?
0
Convert -1 (base 14) to base 2.
-1
5 (base 7) to base 12
5
What is 69 (base 15) in base 8?
143
What is -102220 (base 3) in base 9?
-386
Convert -1 (base 3) to base 9.
-1
What is -1a9 (base 15) in base 14?
-1d6
Convert 0 (base 5) to base 16.
0
What is -23 (base 4) in base 11?
-10
Convert 24 (base 7) to base 16.
12
Convert 30 (base 5) to base 14.
11
-4 (base 9) to base 11
-4
What is -3 (base 11) in base 12?
-3
21 (base 12) to base 15
1a
Convert 3 (base 13) to base 16.
3
1 (base 7) to base 3
1
Convert 7 (base 11) to base 4.
13
7 (base 10) to base 4
13
What is 1 (base 7) in base 2?
1
Convert 22 (base 10) to base 4.
112
Convert 6 (base 15) to base 14.
6
Convert -14 (base 8) to base 4.
-30
What is -2a (base 13) in base 8?
-44
Convert -1 (base 13) to base 4.
-1
Convert -11 (base 7) to base 16.
-8
16 (base 10) to base 11
15
-10 (base 13) to base 8
-15
Convert 110 (base 9) to base 5.
330
-4 (base 7) to base 9
-4
-53 (base 9) to base 4
-300
What is 2 (base 3) in base 11?
2
What is -c (base 13) in base 2?
-1100
-1313 (base 4) to base 11
-a9
What is 2 (base 10) in base 3?
2
Convert 1 (base 12) to base 2.
1
1 (base 8) to base 16
1
What is -12 (base 4) in base 14?
-6
Convert -58 (base 10) to base 13.
-46
Convert -101 (base 3) to base 9.
-11
What is -1 (base 11) in base 14?
-1
What is 2 (base 10) in base 3?
2
Convert 224 (base 6) to base 7.
154
Convert -101 (base 2) to base 5.
-10
What is -17 (base 16) in base 3?
-212
0 (base 6) to base 9
0
-1 (base 9) to base 12
-1
What is 3 (base 11) in base 3?
10
Convert -12 (base 12) to base 7.
-20
What is 71 (base 11) in base 9?
86
4 (base 11) to base 8
4
Convert -61 (base 16) to base 4.
-1201
-204 (base 8) to base 5
-1012
What is -10000 (base 2) in base 7?
-22
What is 0 (base 15) in base 7?
0
Convert -25 (base 6) to base 4.
-101
17 (base 13) to base 5
40
Convert 27 (base 9) to base 11.
23
41 (base 12) to base 16
31
What is -2 (base 12) in base 13?
-2
-17 (base 15) to base 2
-10110
Convert -1425 (base 6) to base 13.
-230
-81 (base 9) to base 8
-111
What is a1 (base 14) in base 9?
166
What is 5 (base 10) in base 9?
5
2 (base 11) to base 10
2
-179 (base 11) to base 13
-12c
What is -3c (base 15) in base 7?
-111
Convert -47 (base 9) to base 3.
-1121
Convert -13 (base 4) to base 13.
-7
Convert -11 (base 12) to base 16.
-d
-540 (base 7) to base 11
-229
-2 (base 6) to base 5
-2
Convert -91 (base 10) to base 9.
-111
What is 4 (base 11) in base 9?
4
214 (base 5) to base 11
54
Convert -14 (base 9) to base 7.
-16
Convert 4 (base 7) to base 4.
10
-2c (base 15) to base 5
-132
Convert -99 (base 10) to base 13.
-78
What is -1 (base 7) in base 14?
-1
What is 2210 (base 3) in base 15?
50
2 (base 10) to base 11
2
25 (base 8) to base 12
19
What is 3 (base 7) in base 13?
3
Convert -15d (base 16) to base 8.
-535
Convert 2 (base 3) to base 6.
2
Convert -88 (base 13) to base 16.
-70
What is -2 (base 5) in base 12?
-2
-21 (base 14) to base 12
-25
Convert 1 (base 10) to base 9.
1
Convert 6 (base 16) to base 4.
12
What is 11011 (base 3) in base 4?
1300
-33 (base 9) to base 2
-11110
Convert -4 (base 5) to base 12.
-4
Convert -1 (base 8) to base 6.
-1
Convert 1001010 (base 2) to base 4.
1022
87 (base 13) to base 10
111
What is -13 (base 6) in base 12?
-9
Convert 14 (base 6) to base 2.
1010
What is -7 (base 12) in base 15?
-7
-7 (base 8) to base 2
-111
What is -13 (base 9) in base 16?
-c
What is 555 (base 6) in base 2?
11010111
-3 (base 13) to base 16
-3
What is -8b (base 12) in base 16?
-6b
Convert 11 (base 10) to base 5.
21
Convert -103 (base 6) to base 10.
-39
-84 (base 13) to base 4
-1230
Convert 2 (base 11) to base 9.
2
Convert 58 (base 9) to base 5.
203
Convert -2 (base 5) to base 2.
-10
What is 72 (base 8) in base 10?
58
-79 (base 11) to base 15
-5b
Convert 634 (base 7) to base 12.
227
113 (base 6) to base 11
41
Convert -21 (base 14) to base 5.
-104
What is 2 (base 15) in base 11?
2
Convert 3 (base 15) to base 10.
3
Convert 4 (base 16) to base 14.
4
What is -2 (base 8) in base 12?
-2
What is -3 (base 15) in base 11?
-3
What is -2 (base 6) in base 8?
-2
What is 4a (base 14) in base 8?
102
What is -b9 (base 15) in base 3?
-20110
3 (base 4) to base 10
3
What is -21 (base 4) in base 13?
-9
Convert -11 (base 3) to base 15.
-4
What is -3 (base 5) in base 7?
-3
What is 17 (base 10) in base 16?
11
73 (base 11) to base 4
1100
-10001 (base 2) to base 12
-15
Convert -213 (base 7) to base 11.
-99
What is 18 (base 13) in base 7?
30
-1 (base 15) to base 11
-1
Convert 16 (base 16) to base 11.
20
What is -20 (base 12) in base 14?
-1a
3 (base 7) to base 13
3
170 (base 11) to base 12
146
What is 23 (base 8) in base 7?
25
40 (base 12) to base 8
60
20220 (base 3) to base 2
10111010
What is 86 (base 12) in base 4?
1212
What is -13 (base 16) in base 2?
-10011
-72 (base 9) to base 7
-122
15 (base 6) to base 16
b
60 (base 12) to base 9
80
What is -2 (base 6) in base 8?
-2
Convert d (base 16) to base 7.
16
What is 3 (base 12) in base 4?
3
What is -14 (base 10) in base 13?
-11
Convert 71 (base 12) to base 11.
78
Convert 2 (base 4) to base 12.
2
Convert 114 (base 7) to base 11.
55
Convert -47 (base 11) to base 13.
-3c
What is 23 (base 7) in base 9?
18
What is -4 (base 11) in base 10?
-4
What is 31 (base 9) in base 16?
1c
-4 (base 9) to base 11
-4
Convert 130 (base 4) to base 14.
20
Convert 66 (base 8) to base 2.
110110
-28 (base 9) to base 10
-26
What is -5 (base 6) in base 12?
-5
101 (base 2) to base 16
5
Convert -7 (base 13) to base 5.
-12
Convert -5 (base 9) to base 11.
-5
e (base 16) to base 13
11
What is -101100 (base 2) in base 16?
-2c
What is 9 (base 15) in base 13?
9
What is 1021 (base 3) in base 16?
22
-68 (base 11) to base 15
-4e
Convert 2 (base 14) to base 16.
2
-13 (base 4) to base 11
-7
What is -141 (base 7) in base 4?
-1032
-114 (base 6) to base 10
-46
Convert 1111 (base 3) to base 15.
2a
Convert 20 (base 3) to base 13.
6
110 (base 3) to base 10
12
-1a (base 11) to base 8
-25
What is -61 (base 7) in base 8?
-53
-4 (base 9) to base 11
-4
Convert 1 (base 4) to base 5.
1
Convert -1252 (base 6) to base 9.
-385
What is -100 (base 2) in base 3?
-11
What is -1c (base 13) in base 3?
-221
Convert 1 (base 4) to base 16.
1
Convert 0 (base 16) to base 10.
0
-3 (base 14) to base 3
-10
84 (base 11) to base 15
62
What is -116 (base 7) in base 5?
-222
What is -30 (base 10) in base 6?
-50
Convert -55 (base 11) to base 15.
-40
What is -25 (base 6) in base 3?
-122
-10 (base 4) to base 14
-4
Convert 346 (base 10) to base 3.
110211
-10 (base 6) to base 8
-6
32 (base 4) to base 11
13
-10 (base 15) to base 16
-f
4 (base 13) to base 3
11
What is 4 (base 8) in base 5?
4
What is -5 (base 7) in base 8?
-5
What is 3 (base 7) in base 5?
3
20 (base 4) to base 13
8
Convert 39 (base 16) to base 10.
57
What is -5 (base 9) in base 15?
-5
What is -63 (base 15) in base 13?
-72
What is -32 (base 7) in base 6?
-35
-541 (base 6) to base 14
-109
15 (base 7) to base 16
c
Convert 0 (base 12) to base 15.
0
What is -4c (base 14) in base 11?
-62
Convert -103 (base 15) to base 16.
-e4
What is -1 (base 4) in base 2?
-1
Convert -5 (base 10) to base 3.
-12
What is 15c (base 14) in base 2?
100010110
What is 4 (base 15) in base 3?
11
2 (base 16) to base 12
2
What is -46 (base 11) in base 14?
-38
What is 2203 (base 4) in base 11?
139
What is 13 (base 11) in base 8?
16
-141 (base 5) to base 15
-31
Convert -2 (base 4) to base 8.
-2
11 (base 11) to base 5
22
What is -19 (base 15) in base 11?
-22
Convert 2224 (base 5) to base 13.
1b2
What is 9 (base 12) in base 9?
10
What is -20 (base 8) in base 13?
-13
What is 5 (base 6) in base 13?
5
Convert -31 (base 5) to base 11.
-15
Convert -1101 (base 2) to base 15.
-d
Convert -18 (base 10) to base 5.
-33
Convert -42 (base 7) to base 10.
-30
-21 (base 5) to base 14
-b
3 (base 5) to base 16
3
Convert 32 (base 5) to base 10.
17
Convert -1 (base 16) to base 11.
-1
Convert 1 (base 